 factors of 5229777637?
7, 747111091
List the prime factors of 3983000484.
2, 3, 331916707
List the prime factors of 21286852.
2, 5321713
What are the prime factors of 2044950591?
3, 71, 157, 61151
List the prime factors of 2748143756.
2, 313, 2195003
What are the prime factors of 576915811?
157, 3674623
List the prime factors of 6178802113.
11, 13217, 42499
List the prime factors of 1691917853.
439, 3854027
List the prime factors of 4903582632.
2, 3, 13, 281, 55931
What are the prime factors of 4992427?
11, 293, 1549
List the prime factors of 946040531.
17, 23, 37, 65393
What are the prime factors of 251194444?
2, 62798611
List the prime factors of 52450816.
2, 11, 67, 139
List the prime factors of 44671439.
44671439
List the prime factors of 903182616.
2, 3, 7, 563, 1061
List the prime factors of 532290005.
5, 13, 629929
List the prime factors of 4070759754.
2, 3, 29, 293, 79847
What are the prime factors of 115943681?
7, 19, 37, 23561
What are the prime factors of 1971614981?
7, 281659283
What are the prime factors of 22686540?
2, 3, 5, 181, 2089
List the prime factors of 110080662.
2, 3, 18346777
List the prime factors of 35269373.
17, 23, 90203
What are the prime factors of 1372340729?
61, 22497389
What are the prime factors of 59600214?
2, 3, 3311123
What are the prime factors of 3370435551?
3, 7, 7642711
What are the prime factors of 91736207?
91736207
What are the prime factors of 7860857?
103, 167, 457
List the prime factors of 35410381.
35410381
What are the prime factors of 148515907?
61, 2434687
What are the prime factors of 1333944155?
5, 457, 583783
What are the prime factors of 2972920828?
2, 13627, 54541
What are the prime factors of 742739734?
2, 11, 109, 113, 2741
What are the prime factors of 639959480?
2, 5, 1307, 12241
What are the prime factors of 1608295022?
2, 307, 2619373
List the prime factors of 94221487.
1381, 68227
What are the prime factors of 275524371?
3, 30613819
List the prime factors of 325640149.
173, 1882313
What are the prime factors of 1395073424?
2, 43, 2027723
List the prime factors of 108079520.
2, 5, 29, 23293
List the prime factors of 121088789.
1019, 118831
What are the prime factors of 1109070824?
2, 138633853
What are the prime factors of 14095828?
2, 3523957
List the prime factors of 721390171.
787, 916633
List the prime factors of 44016636.
2, 3, 1499, 2447
List the prime factors of 1751718863.
241, 653, 11131
List the prime factors of 72665675.
5, 2906627
List the prime factors of 983282135.
5, 11, 233, 277
List the prime factors of 359172720.
2, 3, 5, 223, 2237
What are the prime factors of 50483320?
2, 5, 1262083
What are the prime factors of 130040351?
7, 19, 977747
What are the prime factors of 43196030?
2, 5, 4319603
List the prime factors of 2003271210.
2, 3, 5, 53, 139991
What are the prime factors of 68243450?
2, 5, 11, 127, 977
List the prime factors of 1210780864.
2, 18918451
List the prime factors of 174586509.
3, 718463
What are the prime factors of 156303368?
2, 13, 8893
List the prime factors of 62372663.
167, 373489
What are the prime factors of 308830092?
2, 3, 17, 587, 2579
List the prime factors of 39834136.
2, 4979267
What are the prime factors of 184776695?
5, 107, 137, 2521
List the prime factors of 223409180.
2, 5, 2659, 4201
List the prime factors of 3049490646.
2, 3, 31, 1821679
List the prime factors of 145809710.
2, 5, 14580971
List the prime factors of 541114753.
541114753
List the prime factors of 51457722.
2, 3, 227, 37781
List the prime factors of 330057146.
2, 165028573
List the prime factors of 975162999.
3, 325054333
List the prime factors of 276523775.
5, 11, 1005541
What are the prime factors of 234425277?
3, 1697, 15349
What are the prime factors of 72519849?
3, 8057761
List the prime factors of 3196329931.
101, 31646831
List the prime factors of 324977579.
71, 4577149
List the prime factors of 460380008.
2, 11, 31, 168761
List the prime factors of 6608412.
2, 3, 43, 1423
What are the prime factors of 1330704045?
3, 5, 11, 19, 79, 199
List the prime factors of 17722055.
5, 13, 47, 5801
List the prime factors of 135246548.
2, 619, 54623
What are the prime factors of 94566307?
11, 439, 19583
List the prime factors of 23874338.
2, 11937169
What are the prime factors of 2245595863?
7, 45828487
What are the prime factors of 1696336526?
2, 23, 283, 130307
What are the prime factors of 40429676?
2, 7, 23, 67, 937
What are the prime factors of 357343809?
3, 941, 126583
What are the prime factors of 161866560?
2, 3, 5, 103, 1637
List the prime factors of 53414204.
2, 17, 785503
List the prime factors of 34762885.
5, 1283, 5419
What are the prime factors of 440201803?
61, 7216423
What are the prime factors of 392236363?
199, 733, 2689
List the prime factors of 7605583626.
2, 3, 179, 2269, 3121
List the prime factors of 46252309.
46252309
What are the prime factors of 77928098?
2, 38964049
What are the prime factors of 2011927178?
2, 811, 1240399
List the prime factors of 188251166.
2, 17, 1597, 3467
What are the prime factors of 614335487?
199, 3087113
What are the prime factors of 68025220?
2, 5, 1511, 2251
What are the prime factors of 1270379628?
2, 3, 7, 31, 137, 1187
What are the prime factors of 483556058?
2, 17, 97, 151, 971
What are the prime factors of 77864018?
2, 223, 174583
List the prime factors of 2503195691.
36469, 68639
What are the prime factors of 4656219064?
2, 7, 3529, 23561
List the prime factors of 62033254.
2, 23, 1348549
List the prime factors of 12154646.
2, 7, 73, 1699
What are the prime factors of 1856794428?
2, 3, 59, 137, 709
What are the prime factors of 1907642672?
2, 13, 139, 65981
What are the prime factors of 401205467?
13, 37, 834107
List the prime factors of 45283922.
2, 22641961
What are the prime factors of 766595482?
2, 383297741
What are the prime factors of 6467127?
3, 31, 69539
What are the prime factors of 227601365?
5, 43, 131, 8081
List the prime factors of 2206334359.
19, 971, 119591
What are the prime factors of 1998340025?
5, 11, 107, 113, 601
List the prime factors of 155813754.
2, 3, 79, 328721
What are the prime factors of 21672651?
3, 7, 11, 13, 1031
List the prime factors of 300653379.
3, 13, 37, 199, 349
What are the prime factors of 24804968?
2, 3100621
What are the prime factors of 2276217821?
331, 6876791
List the prime factors of 1111155046.
2, 73, 7610651
What are the prime factors of 404073645?
3, 5, 26938243
What are the prime factors of 4591402990?
2, 5, 459140299
List the prime factors of 721584603.
3, 19, 1021, 4133
What are the prime factors of 4209321934?
2, 2104660967
What are the prime factors of 136934185?
5, 27386837
List the prime factors of 6488653462.
2, 31, 104655701
List the prime factors of 504705114.
2, 3, 53, 176347
List the prime factors of 712903778.
2, 571, 624259
What are the prime factors of 959914488?
2, 3, 13, 3076649
List the prime factors of 23860284.
2, 3, 7, 284051
What are the prime factors of 411629954?
2, 457, 450361
What are the prime factors of 59633417?
61, 67, 14591
List the prime factors of 52775195.
5, 11, 397, 2417
List the prime factors of 307815528.
2, 3, 12825647
What are the prime factors of 270534752?
2, 8454211
What are the prime factors of 656568579?
3, 19, 59, 101, 1933
What are the prime factors of 526236712?
2, 65779589
What are the prime factors of 129995128?
2, 16249391
List the prime factors of 817786471.
487, 1679233
What are the prime factors of 26458068?
2, 3, 7, 13, 24229
What are the prime factors of 1153543773?
3, 2833, 135727
List the prime factors of 737076714.
2, 3, 11, 137, 81517
List the prime factors of 796961203.
59, 631, 21407
What are the prime factors of 217783076?
2, 7, 7777967
List the prime factors of 2906259144.
2, 3, 397, 305023
List the prime factors of 4066892785.
5, 813378557
What are the prime factors of 1728512860?
2, 5, 86425643
What are the prime factors of 1133289829?
7, 853, 189799
What are the prime factors of 86451130?
2, 5, 8645113
List the prime factors of 209667803.
311, 674173
List the prime factors of 272682295.
5, 17, 67, 47881
What are the prime factors of 5505972478?
2, 17, 127, 1275121
What are the prime factors of 696852001?
696852001
What are the prime factors of 2035118150?
2, 5, 13, 1117, 2803
What are the pri